{"id":17,"date":"2025-02-18T08:52:26","date_gmt":"2025-02-18T08:52:26","guid":{"rendered":"https:\/\/eglantine-olivier.ipac-angers.yt\/?page_id=17"},"modified":"2025-05-27T13:31:16","modified_gmt":"2025-05-27T13:31:16","slug":"projets","status":"publish","type":"page","link":"https:\/\/eglantine-olivier.ipac-angers.yt\/index.php\/projets\/","title":{"rendered":"Projets"},"content":{"rendered":"\t\t<div data-elementor-type=\"wp-page\" data-elementor-id=\"17\" class=\"elementor elementor-17\" data-elementor-settings=\"{&quot;ha_cmc_init_switcher&quot;:&quot;no&quot;}\">\n\t\t\t\t<div class=\"elementor-element elementor-element-830d5b8 e-flex e-con-boxed wpr-particle-no wpr-jarallax-no wpr-parallax-no wpr-sticky-section-no e-con e-parent\" data-id=\"830d5b8\" data-element_type=\"container\" data-settings=\"{&quot;background_background&quot;:&quot;classic&quot;,&quot;_ha_eqh_enable&quot;:false}\">\n\t\t\t\t\t<div class=\"e-con-inner\">\n\t\t\t\t<div class=\"elementor-element elementor-element-bbd2282 elementor-widget elementor-widget-spacer\" data-id=\"bbd2282\" data-element_type=\"widget\" data-widget_type=\"spacer.default\">\n\t\t\t\t<div class=\"elementor-widget-container\">\n\t\t\t\t\t\t\t<div class=\"elementor-spacer\">\n\t\t\t<div class=\"elementor-spacer-inner\"><\/div>\n\t\t<\/div>\n\t\t\t\t\t\t<\/div>\n\t\t\t\t<\/div>\n\t\t\t\t<div class=\"elementor-element elementor-element-14ac247 elementor-widget elementor-widget-heading\" data-id=\"14ac247\" data-element_type=\"widget\" data-widget_type=\"heading.default\">\n\t\t\t\t<div class=\"elementor-widget-container\">\n\t\t\t\t\t<h2 class=\"elementor-heading-title elementor-size-default\">L'art de sublimer vos int\u00e9rieurs<\/h2>\t\t\t\t<\/div>\n\t\t\t\t<\/div>\n\t\t\t\t<div class=\"elementor-element elementor-element-8e203f4 elementor-widget elementor-widget-text-editor\" data-id=\"8e203f4\" data-element_type=\"widget\" data-widget_type=\"text-editor.default\">\n\t\t\t\t<div class=\"elementor-widget-container\">\n\t\t\t\t\t\t\t\t\t<p data-start=\"60\" data-end=\"300\">Nous avons \u00e0 c\u0153ur de <strong data-start=\"81\" data-end=\"123\">cr\u00e9er des espaces qui vous ressemblent<\/strong>, alliant <strong data-start=\"133\" data-end=\"174\">\u00e9l\u00e9gance, fonctionnalit\u00e9 et bien-\u00eatre<\/strong>. Chaque projet est une <strong data-start=\"198\" data-end=\"219\">nouvelle aventure<\/strong>, o\u00f9 nous mettons notre cr\u00e9ativit\u00e9 et notre expertise au service de vos envies.<\/p><p data-start=\"302\" data-end=\"525\">Qu\u2019il s\u2019agisse d\u2019un <strong data-start=\"322\" data-end=\"341\">int\u00e9rieur priv\u00e9<\/strong>, d\u2019un <strong data-start=\"348\" data-end=\"372\">espace professionnel<\/strong> ou d\u2019un <strong data-start=\"381\" data-end=\"401\">lieu d\u2019exception<\/strong>, nous accordons une attention particuli\u00e8re aux <strong data-start=\"449\" data-end=\"494\">mat\u00e9riaux, aux couleurs et \u00e0 l\u2019agencement<\/strong> pour sublimer chaque d\u00e9tail.<\/p><p data-start=\"527\" data-end=\"694\">Avec <strong data-start=\"532\" data-end=\"547\">Pure Studio<\/strong>, chaque projet devient une <strong data-start=\"575\" data-end=\"596\">exp\u00e9rience unique<\/strong>, o\u00f9 design et \u00e9motion se rencontrent pour donner vie \u00e0 des int\u00e9rieurs harmonieux et inspirants<\/p>\t\t\t\t\t\t\t\t<\/div>\n\t\t\t\t<\/div>\n\t\t\t\t\t<\/div>\n\t\t\t\t<\/div>\n\t\t<div class=\"elementor-element elementor-element-008ce8d e-flex e-con-boxed wpr-particle-no wpr-jarallax-no wpr-parallax-no wpr-sticky-section-no e-con e-parent\" data-id=\"008ce8d\" data-element_type=\"container\" data-settings=\"{&quot;background_background&quot;:&quot;classic&quot;,&quot;_ha_eqh_enable&quot;:false}\">\n\t\t\t\t\t<div class=\"e-con-inner\">\n\t\t\t\t<div class=\"elementor-element elementor-element-5987f64 elementor-arrows-position-inside elementor-pagination-position-outside elementor-widget elementor-widget-image-carousel\" data-id=\"5987f64\" data-element_type=\"widget\" data-settings=\"{&quot;navigation&quot;:&quot;both&quot;,&quot;autoplay&quot;:&quot;yes&quot;,&quot;pause_on_hover&quot;:&quot;yes&quot;,&quot;pause_on_interaction&quot;:&quot;yes&quot;,&quot;autoplay_speed&quot;:5000,&quot;infinite&quot;:&quot;yes&quot;,&quot;speed&quot;:500}\" data-widget_type=\"image-carousel.default\">\n\t\t\t\t<div class=\"elementor-widget-container\">\n\t\t\t\t\t\t\t<div class=\"elementor-image-carousel-wrapper swiper\" role=\"region\" aria-roledescription=\"carousel\" aria-label=\"Carrousel d\u2019images\" dir=\"ltr\">\n\t\t\t<div class=\"elementor-image-carousel swiper-wrapper\" aria-live=\"off\">\n\t\t\t\t\t\t\t\t<div class=\"swiper-slide\" role=\"group\" aria-roledescription=\"slide\" aria-label=\"1 sur 5\"><figure class=\"swiper-slide-inner\"><img decoding=\"async\" class=\"swiper-slide-image\" src=\"https:\/\/eglantine-olivier.ipac-angers.yt\/wp-content\/uploads\/2025\/03\/salon-2-255x300.jpg\" alt=\"salon 2\" \/><\/figure><\/div><div class=\"swiper-slide\" role=\"group\" aria-roledescription=\"slide\" aria-label=\"2 sur 5\"><figure class=\"swiper-slide-inner\"><img decoding=\"async\" class=\"swiper-slide-image\" src=\"https:\/\/eglantine-olivier.ipac-angers.yt\/wp-content\/uploads\/2025\/03\/salon-3-248x300.jpg\" alt=\"salon 3\" \/><\/figure><\/div><div class=\"swiper-slide\" role=\"group\" aria-roledescription=\"slide\" aria-label=\"3 sur 5\"><figure class=\"swiper-slide-inner\"><img decoding=\"async\" class=\"swiper-slide-image\" src=\"https:\/\/eglantine-olivier.ipac-angers.yt\/wp-content\/uploads\/2025\/03\/salon-4-200x300.webp\" alt=\"salon 4\" \/><\/figure><\/div><div class=\"swiper-slide\" role=\"group\" aria-roledescription=\"slide\" aria-label=\"4 sur 5\"><figure class=\"swiper-slide-inner\"><img decoding=\"async\" class=\"swiper-slide-image\" src=\"https:\/\/eglantine-olivier.ipac-angers.yt\/wp-content\/uploads\/2025\/03\/Salle-a-manger-2-273x300.jpg\" alt=\"Salle \u00e0 manger 2\" \/><\/figure><\/div><div class=\"swiper-slide\" role=\"group\" aria-roledescription=\"slide\" aria-label=\"5 sur 5\"><figure class=\"swiper-slide-inner\"><img decoding=\"async\" class=\"swiper-slide-image\" src=\"https:\/\/eglantine-olivier.ipac-angers.yt\/wp-content\/uploads\/2025\/03\/salle-a-manger-240x300.jpg\" alt=\"salle \u00e0 manger\" \/><\/figure><\/div>\t\t\t<\/div>\n\t\t\t\t\t\t\t\t\t\t\t\t<div class=\"elementor-swiper-button elementor-swiper-button-prev\" role=\"button\" tabindex=\"0\">\n\t\t\t\t\t\t<svg aria-hidden=\"true\" class=\"e-font-icon-svg e-eicon-chevron-left\" viewBox=\"0 0 1000 1000\" xmlns=\"http:\/\/www.w3.org\/2000\/svg\"><path d=\"M646 125C629 125 613 133 604 142L308 442C296 454 292 471 292 487 292 504 296 521 308 533L604 854C617 867 629 875 646 875 663 875 679 871 692 858 704 846 713 829 713 812 713 796 708 779 692 767L438 487 692 225C700 217 708 204 708 187 708 171 704 154 692 142 675 129 663 125 646 125Z\"><\/path><\/svg>\t\t\t\t\t<\/div>\n\t\t\t\t\t<div class=\"elementor-swiper-button elementor-swiper-button-next\" role=\"button\" tabindex=\"0\">\n\t\t\t\t\t\t<svg aria-hidden=\"true\" class=\"e-font-icon-svg e-eicon-chevron-right\" viewBox=\"0 0 1000 1000\" xmlns=\"http:\/\/www.w3.org\/2000\/svg\"><path d=\"M696 533C708 521 713 504 713 487 713 471 708 454 696 446L400 146C388 133 375 125 354 125 338 125 325 129 313 142 300 154 292 171 292 187 292 204 296 221 308 233L563 492 304 771C292 783 288 800 288 817 288 833 296 850 308 863 321 871 338 875 354 875 371 875 388 867 400 854L696 533Z\"><\/path><\/svg>\t\t\t\t\t<\/div>\n\t\t\t\t\n\t\t\t\t\t\t\t\t\t<div class=\"swiper-pagination\"><\/div>\n\t\t\t\t\t\t\t\t\t<\/div>\n\t\t\t\t\t\t<\/div>\n\t\t\t\t<\/div>\n\t\t\t\t\t<\/div>\n\t\t\t\t<\/div>\n\t\t<div class=\"elementor-element elementor-element-4b32f2d e-flex e-con-boxed wpr-particle-no wpr-jarallax-no wpr-parallax-no wpr-sticky-section-no e-con e-parent\" data-id=\"4b32f2d\" data-element_type=\"container\" data-settings=\"{&quot;background_background&quot;:&quot;classic&quot;,&quot;_ha_eqh_enable&quot;:false}\">\n\t\t\t\t\t<div class=\"e-con-inner\">\n\t\t<div class=\"elementor-element elementor-element-06edc89 e-con-full e-flex wpr-particle-no wpr-jarallax-no wpr-parallax-no wpr-sticky-section-no e-con e-child\" data-id=\"06edc89\" data-element_type=\"container\" data-settings=\"{&quot;_ha_eqh_enable&quot;:false}\">\n\t\t\t\t<div class=\"elementor-element elementor-element-961cbc1 elementor-widget elementor-widget-text-editor\" data-id=\"961cbc1\" data-element_type=\"widget\" data-widget_type=\"text-editor.default\">\n\t\t\t\t<div class=\"elementor-widget-container\">\n\t\t\t\t\t\t\t\t\t<h5 data-start=\"124\" data-end=\"179\">Avant \/ Apr\u00e8s : r\u00e9v\u00e9ler le potentiel d\u2019un int\u00e9rieur<\/h5><p class=\"\" data-start=\"181\" data-end=\"578\">Chaque espace cache un potentiel unique, souvent insoup\u00e7onn\u00e9. \u00c0 travers ces transformations, je vous invite \u00e0 d\u00e9couvrir l\u2019impact qu\u2019une d\u00e9coration bien pens\u00e9e peut avoir sur un lieu. De l\u2019agencement \u00e0 la s\u00e9lection des mat\u00e9riaux, en passant par les couleurs, les volumes et les lumi\u00e8res, chaque choix est guid\u00e9 par une volont\u00e9 : r\u00e9v\u00e9ler l\u2019\u00e2me du lieu tout en r\u00e9pondant aux besoins de ses habitants.<\/p><p class=\"\" data-start=\"580\" data-end=\"851\">L\u2019avant raconte l\u2019existant, parfois fig\u00e9 ou d\u00e9s\u00e9quilibr\u00e9. L\u2019apr\u00e8s r\u00e9v\u00e8le une ambiance repens\u00e9e, plus fluide, harmonieuse, et surtout fid\u00e8le au mode de vie de ceux qui y vivent. Minimaliste, naturel, chaleureux\u2026 chaque projet est une rencontre entre un lieu et une vision.<\/p><p class=\"\" data-start=\"853\" data-end=\"978\">Ces m\u00e9tamorphoses sont le reflet de notre travail chez <strong data-start=\"908\" data-end=\"923\">Pure Studio<\/strong> : sublimer sans surcharger, transformer sans trahir.<\/p>\t\t\t\t\t\t\t\t<\/div>\n\t\t\t\t<\/div>\n\t\t\t\t<div class=\"elementor-element elementor-element-9070033 elementor-widget elementor-widget-spacer\" data-id=\"9070033\" data-element_type=\"widget\" data-widget_type=\"spacer.default\">\n\t\t\t\t<div class=\"elementor-widget-container\">\n\t\t\t\t\t\t\t<div class=\"elementor-spacer\">\n\t\t\t<div class=\"elementor-spacer-inner\"><\/div>\n\t\t<\/div>\n\t\t\t\t\t\t<\/div>\n\t\t\t\t<\/div>\n\t\t\t\t<\/div>\n\t\t<div class=\"elementor-element elementor-element-3bb469a e-grid e-con-full wpr-particle-no wpr-jarallax-no wpr-parallax-no wpr-sticky-section-no e-con e-child\" data-id=\"3bb469a\" data-element_type=\"container\" data-settings=\"{&quot;_ha_eqh_enable&quot;:false}\">\n\t\t\t\t<div class=\"elementor-element elementor-element-d6b366f elementor-widget elementor-widget-image\" data-id=\"d6b366f\" data-element_type=\"widget\" data-widget_type=\"image.default\">\n\t\t\t\t<div class=\"elementor-widget-container\">\n\t\t\t\t\t\t\t\t\t\t\t\t\t\t\t<img alt=\"\" fetchpriority=\"high\" decoding=\"async\" width=\"400\" height=\"300\" src=\"https:\/\/eglantine-olivier.ipac-angers.yt\/wp-content\/uploads\/2025\/04\/1.png\" class=\"attachment-large size-large wp-image-239\" alt=\"\" srcset=\"https:\/\/eglantine-olivier.ipac-angers.yt\/wp-content\/uploads\/2025\/04\/1.png 400w, https:\/\/eglantine-olivier.ipac-angers.yt\/wp-content\/uploads\/2025\/04\/1-300x225.png 300w\" sizes=\"(max-width: 400px) 100vw, 400px\" \/>\t\t\t\t\t\t\t\t\t\t\t\t\t\t\t<\/div>\n\t\t\t\t<\/div>\n\t\t\t\t<div class=\"elementor-element elementor-element-c0b008b elementor-widget elementor-widget-image\" data-id=\"c0b008b\" data-element_type=\"widget\" data-widget_type=\"image.default\">\n\t\t\t\t<div class=\"elementor-widget-container\">\n\t\t\t\t\t\t\t\t\t\t\t\t\t\t\t<img alt=\"\" decoding=\"async\" width=\"400\" height=\"300\" src=\"https:\/\/eglantine-olivier.ipac-angers.yt\/wp-content\/uploads\/2025\/04\/2.png\" class=\"attachment-large size-large wp-image-240\" alt=\"\" srcset=\"https:\/\/eglantine-olivier.ipac-angers.yt\/wp-content\/uploads\/2025\/04\/2.png 400w, https:\/\/eglantine-olivier.ipac-angers.yt\/wp-content\/uploads\/2025\/04\/2-300x225.png 300w\" sizes=\"(max-width: 400px) 100vw, 400px\" \/>\t\t\t\t\t\t\t\t\t\t\t\t\t\t\t<\/div>\n\t\t\t\t<\/div>\n\t\t\t\t<div class=\"elementor-element elementor-element-e20b9f1 elementor-widget elementor-widget-image\" data-id=\"e20b9f1\" data-element_type=\"widget\" data-widget_type=\"image.default\">\n\t\t\t\t<div class=\"elementor-widget-container\">\n\t\t\t\t\t\t\t\t\t\t\t\t\t\t\t<img alt=\"\" decoding=\"async\" width=\"400\" height=\"300\" src=\"https:\/\/eglantine-olivier.ipac-angers.yt\/wp-content\/uploads\/2025\/04\/3.png\" class=\"attachment-large size-large wp-image-241\" alt=\"\" srcset=\"https:\/\/eglantine-olivier.ipac-angers.yt\/wp-content\/uploads\/2025\/04\/3.png 400w, https:\/\/eglantine-olivier.ipac-angers.yt\/wp-content\/uploads\/2025\/04\/3-300x225.png 300w\" sizes=\"(max-width: 400px) 100vw, 400px\" \/>\t\t\t\t\t\t\t\t\t\t\t\t\t\t\t<\/div>\n\t\t\t\t<\/div>\n\t\t\t\t<div class=\"elementor-element elementor-element-299a2cc elementor-widget elementor-widget-image\" data-id=\"299a2cc\" data-element_type=\"widget\" data-widget_type=\"image.default\">\n\t\t\t\t<div class=\"elementor-widget-container\">\n\t\t\t\t\t\t\t\t\t\t\t\t\t\t\t<img alt=\"\" loading=\"lazy\" decoding=\"async\" width=\"400\" height=\"300\" src=\"https:\/\/eglantine-olivier.ipac-angers.yt\/wp-content\/uploads\/2025\/04\/4.png\" class=\"attachment-large size-large wp-image-242\" alt=\"\" srcset=\"https:\/\/eglantine-olivier.ipac-angers.yt\/wp-content\/uploads\/2025\/04\/4.png 400w, https:\/\/eglantine-olivier.ipac-angers.yt\/wp-content\/uploads\/2025\/04\/4-300x225.png 300w\" sizes=\"(max-width: 400px) 100vw, 400px\" \/>\t\t\t\t\t\t\t\t\t\t\t\t\t\t\t<\/div>\n\t\t\t\t<\/div>\n\t\t\t\t<div class=\"elementor-element elementor-element-4271db9 elementor-widget elementor-widget-image\" data-id=\"4271db9\" data-element_type=\"widget\" data-widget_type=\"image.default\">\n\t\t\t\t<div class=\"elementor-widget-container\">\n\t\t\t\t\t\t\t\t\t\t\t\t\t\t\t<img alt=\"\" loading=\"lazy\" decoding=\"async\" width=\"400\" height=\"300\" src=\"https:\/\/eglantine-olivier.ipac-angers.yt\/wp-content\/uploads\/2025\/04\/5.png\" class=\"attachment-large size-large wp-image-243\" alt=\"\" srcset=\"https:\/\/eglantine-olivier.ipac-angers.yt\/wp-content\/uploads\/2025\/04\/5.png 400w, https:\/\/eglantine-olivier.ipac-angers.yt\/wp-content\/uploads\/2025\/04\/5-300x225.png 300w\" sizes=\"(max-width: 400px) 100vw, 400px\" \/>\t\t\t\t\t\t\t\t\t\t\t\t\t\t\t<\/div>\n\t\t\t\t<\/div>\n\t\t\t\t<div class=\"elementor-element elementor-element-4b077b1 elementor-widget elementor-widget-image\" data-id=\"4b077b1\" data-element_type=\"widget\" data-widget_type=\"image.default\">\n\t\t\t\t<div class=\"elementor-widget-container\">\n\t\t\t\t\t\t\t\t\t\t\t\t\t\t\t<img alt=\"\" loading=\"lazy\" decoding=\"async\" width=\"400\" height=\"300\" src=\"https:\/\/eglantine-olivier.ipac-angers.yt\/wp-content\/uploads\/2025\/04\/6.png\" class=\"attachment-large size-large wp-image-244\" alt=\"\" srcset=\"https:\/\/eglantine-olivier.ipac-angers.yt\/wp-content\/uploads\/2025\/04\/6.png 400w, https:\/\/eglantine-olivier.ipac-angers.yt\/wp-content\/uploads\/2025\/04\/6-300x225.png 300w\" sizes=\"(max-width: 400px) 100vw, 400px\" \/>\t\t\t\t\t\t\t\t\t\t\t\t\t\t\t<\/div>\n\t\t\t\t<\/div>\n\t\t\t\t<\/div>\n\t\t\t\t\t<\/div>\n\t\t\t\t<\/div>\n\t\t<div class=\"elementor-element elementor-element-4ca8717 e-flex e-con-boxed wpr-particle-no wpr-jarallax-no wpr-parallax-no wpr-sticky-section-no e-con e-parent\" data-id=\"4ca8717\" data-element_type=\"container\" data-settings=\"{&quot;background_background&quot;:&quot;classic&quot;,&quot;_ha_eqh_enable&quot;:false}\">\n\t\t\t\t\t<div class=\"e-con-inner\">\n\t\t\t\t<div class=\"elementor-element elementor-element-100d3fd elementor-widget elementor-widget-spacer\" data-id=\"100d3fd\" data-element_type=\"widget\" data-widget_type=\"spacer.default\">\n\t\t\t\t<div class=\"elementor-widget-container\">\n\t\t\t\t\t\t\t<div class=\"elementor-spacer\">\n\t\t\t<div class=\"elementor-spacer-inner\"><\/div>\n\t\t<\/div>\n\t\t\t\t\t\t<\/div>\n\t\t\t\t<\/div>\n\t\t\t\t\t<\/div>\n\t\t\t\t<\/div>\n\t\t\t\t<\/div>\n\t\t","protected":false},"excerpt":{"rendered":"<p>L&rsquo;art de sublimer vos int\u00e9rieurs Nous avons \u00e0 c\u0153ur de cr\u00e9er des espaces qui vous ressemblent, alliant \u00e9l\u00e9gance, fonctionnalit\u00e9 et bien-\u00eatre. Chaque projet est une nouvelle aventure, o\u00f9 nous mettons notre cr\u00e9ativit\u00e9 et notre expertise au service de vos envies. Qu\u2019il s\u2019agisse d\u2019un int\u00e9rieur priv\u00e9, d\u2019un espace professionnel ou d\u2019un lieu d\u2019exception, nous accordons une attention particuli\u00e8re aux mat\u00e9riaux, aux couleurs et \u00e0 l\u2019agencement pour sublimer chaque d\u00e9tail. Avec Pure Studio, chaque projet devient une exp\u00e9rience unique, o\u00f9 design et \u00e9motion se rencontrent pour donner vie \u00e0 des int\u00e9rieurs harmonieux et inspirants Avant \/ Apr\u00e8s : r\u00e9v\u00e9ler le potentiel d\u2019un int\u00e9rieur Chaque espace cache un potentiel unique, souvent insoup\u00e7onn\u00e9. \u00c0 travers ces transformations, je vous invite \u00e0 d\u00e9couvrir l\u2019impact qu\u2019une d\u00e9coration bien pens\u00e9e peut avoir sur un lieu. De l\u2019agencement \u00e0 la s\u00e9lection des mat\u00e9riaux, en passant par les couleurs, les volumes et les lumi\u00e8res, chaque choix est guid\u00e9 par une volont\u00e9 : r\u00e9v\u00e9ler l\u2019\u00e2me du lieu tout en r\u00e9pondant aux besoins de ses habitants. L\u2019avant raconte l\u2019existant, parfois fig\u00e9 ou d\u00e9s\u00e9quilibr\u00e9. L\u2019apr\u00e8s r\u00e9v\u00e8le une ambiance repens\u00e9e, plus fluide, harmonieuse, et surtout fid\u00e8le au mode de vie de ceux qui y vivent. Minimaliste, naturel, chaleureux\u2026 chaque projet est une rencontre entre un lieu et une vision. Ces m\u00e9tamorphoses sont le reflet de notre travail chez Pure Studio : sublimer sans surcharger, transformer sans trahir.<\/p>\n","protected":false},"author":1,"featured_media":0,"parent":0,"menu_order":0,"comment_status":"closed","ping_status":"closed","template":"elementor_canvas","meta":{"_seopress_robots_primary_cat":"","_seopress_titles_title":"","_seopress_titles_desc":"","_seopress_robots_index":"","footnotes":""},"class_list":["post-17","page","type-page","status-publish","hentry"],"_links":{"self":[{"href":"https:\/\/eglantine-olivier.ipac-angers.yt\/index.php\/wp-json\/wp\/v2\/pages\/17","targetHints":{"allow":["GET"]}}],"collection":[{"href":"https:\/\/eglantine-olivier.ipac-angers.yt\/index.php\/wp-json\/wp\/v2\/pages"}],"about":[{"href":"https:\/\/eglantine-olivier.ipac-angers.yt\/index.php\/wp-json\/wp\/v2\/types\/page"}],"author":[{"embeddable":true,"href":"https:\/\/eglantine-olivier.ipac-angers.yt\/index.php\/wp-json\/wp\/v2\/users\/1"}],"replies":[{"embeddable":true,"href":"https:\/\/eglantine-olivier.ipac-angers.yt\/index.php\/wp-json\/wp\/v2\/comments?post=17"}],"version-history":[{"count":19,"href":"https:\/\/eglantine-olivier.ipac-angers.yt\/index.php\/wp-json\/wp\/v2\/pages\/17\/revisions"}],"predecessor-version":[{"id":316,"href":"https:\/\/eglantine-olivier.ipac-angers.yt\/index.php\/wp-json\/wp\/v2\/pages\/17\/revisions\/316"}],"wp:attachment":[{"href":"https:\/\/eglantine-olivier.ipac-angers.yt\/index.php\/wp-json\/wp\/v2\/media?parent=17"}],"curies":[{"name":"wp","href":"https:\/\/api.w.org\/{rel}","templated":true}]}}